 8/16*(21 - 1). Let f(o) = 35*o**3 + 18*o**2 - 6*o + 9. Is f(m) a composite number?
False
Suppose -12*y + 3086762 = -2502034. Is y composite?
True
Let q(b) = -18 - 48*b**2 + 163*b**2 - 13*b + 53 + 32. Is q(10) a composite number?
False
Let p be (-1 + 930/4)*(0 + 4). Suppose -z + 2*s = -693, 1157 + p = 3*z - 5*s. Is z a prime number?
True
Let x(z) be the third derivative of 0 + 14*z**2 + 0*z - 4/3*z**3 - 7/12*z**4. Is x(-9) composite?
True
Let u(j) = -3 + 7*j + 11*j - 10 + 1 - 5. Let o(b) = b**2 - 2*b - 7. Let h be o(5). Is u(h) prime?
True
Let b = 202881 + 166442. Is b a prime number?
False
Suppose -2*n = -4*i - 20, 4*n - i - 17 - 58 = 0. Is n - 27 - 2*-3814 a prime number?
True
Suppose -85*d + 77*d = -848. Let i be 2/4 - (-10)/4. Is -1 + 3*d/6 + i a prime number?
False
Suppose -205*h = 209*h - 65*h - 298704563. Is h a prime number?
True
Let b(s) = -s**3 + s + 1. Let o(n) = -n - 2 - 38*n**3 + 0 + 7 - 2 - 5*n**2. Let a(k) = -4*b(k) + o(k). Is a(-3) prime?
True
Suppose -5*m + 9856593 = 19*m + 3*m. Is m composite?
True
Let k be 3*(500/15 - 4). Is 22*(7 + k/(-16)) a composite number?
True
Is (-5)/((-55)/1052447) + (-16)/(-4) + -4 composite?
True
Suppose 0 = -8*s + 10*s - 25292. Suppose -13*k = -s + 1622. Let p = k - -4587. Is p composite?
True
Let f(p) = 7*p**2 - 24*p + 9. Let d be 2/(-14) + (-172)/(-28). Let n be f(d). Let u = 494 - n. Is u a composite number?
True
Let j = 114 + -113. Is 1817/j - (-2 - -4)*-1 a composite number?
True
Suppose 2*v - 420320 - 1597710 = -4*s, 0 = 5*s + 3*v - 2522539. Is s prime?
False
Suppose 58*u - 3*q - 572710 = 53*u, -4*u + 3*q = -458171. Is u prime?
False
Let a(v) = 22*v**2 + 4. Let i be a(-2). Let x(n) = 698*n**2 + n + 1. Let j be x(1). Is j - (i/28 + 2/(-7)) a composite number?
True
Let v be (-2)/6*(-6 - -51). Is (-2)/(-5) + (-52359)/v a composite number?
False
Suppose -76*k + 20 = -71*k. Suppose 0 = 3*f - 4*f, k*p - 11292 = f. Is p a prime number?
False
Let g be -1 - (-3 - -6) - -1162. Suppose s - g = -19. Is s composite?
True
Let h = 14779 + -5008. Let w = h - 6850. Is w prime?
False
Let x(t) = 38*t**2 + 0*t**2 + 8*t + 196 - 193. Let d(k) = k**3 + 27*k**2 + 25*k - 30. Let r be d(-26). Is x(r) composite?
True
Let a(i) = 6063*i + 218. Is a(15) composite?
False
Let j = 44247 + -15694. Is j prime?
False
Suppose -5*y + 182 = 32. Let s be (7/((-147)/y))/(6/(-42)). Is 7134/s - 16/40 prime?
False
Let n(i) = -2*i - 38. Let q be n(-21). Suppose -u + 4 + 2 = 2*j, -3*j + q*u + 20 = 0. Let s(x) = 757*x - 37. Is s(j) prime?
False
Let n(g) be the second derivative of 0 - 3*g**3 + 14*g + 5/2*g**2 + 5/6*g**4. Is n(6) composite?
False
Let j(h) = -2*h**2 - 34*h + 123. Let u be j(-20). Suppose 25349 = 5*t - u*z, -4*t + 3*z = -7*t + 15219. Is t prime?
False
Let t(y) = 2452*y + 245. Is t(8) composite?
False
Let w be ((-6)/9)/(2/(-3)). Let n be w/(-3) + (-8384)/(-24). Suppose n = 5*a - 0*a + u, -5*u - 256 = -4*a. Is a composite?
True
Suppose -23*f + 299*f = 55915668. Is f a composite number?
True
Let k = 7319 + -2913. Suppose 3*v - v = 2*g + 4406, -2*v - 4*g + k = 0. Is v a prime number?
True
Let q(c) = -c**2 - 4*c - 7. Let f be q(-3). Let m be f/(-22) + (-31719)/33. Let a = -684 - m. Is a a composite number?
False
Suppose -3*b - 3 = 0, 5*b + 10 + 27 = -4*f. Is 707886/30 + f/(-10) composite?
True
Let x(d) = 539*d - 1335. Is x(62) a prime number?
True
Is (-3)/(-6)*(21 - 10 - -169075) composite?
True
Let q = 22910 - -9357. Is q composite?
True
Let f(g) = g**2 - 17*g + 15. Let y be 20/(8/(-6)*(-48)/32). Suppose -y*r - 63 = 77. Is f(r) prime?
True
Let z(l) = -31397*l - 13026. Is z(-19) composite?
True
Let u be (38 - 11)*(-4)/(-18). Suppose 0 = -u*y + 6785 + 373. Is y composite?
False
Let b(p) = p**3 + 29*p**2 - 23*p + 9. Let m be b(-20). Suppose 5*x - 5*d - 340 - 19930 = 0, -m = -x + 4*d. Is x a prime number?
True
Let d(h) = -h**3 - 11*h**2 - 13*h - 4. Let g be d(-9). Let x = g + 51. Suppose 2*k = 164 + x. Is k prime?
True
Suppose f + 293*n - 53116 = 290*n, 0 = 4*f + 5*n - 212457. Is f composite?
False
Let b(i) = -12067*i - 5153. Is b(-10) a prime number?
False
Let i(a) = a**2 - 129*a + 1622. Let k be i(14). Let s = -84 - -156. Suppose 0 = 4*m - s - k. Is m a prime number?
False
Let w = 472 - 684. Let y = w - -900. Let z = y - 101. Is z a prime number?
True
Suppose -3*n - 3*w - 7 + 19 = 0, -3*n = -w - 20. Suppose 4*h + 90 = 5*x, 3*x - n*h = -4*h + 54. Is (-2 - x/(-10))*-815 composite?
False
Suppose -6 - 4 = -2*i. Let l(f) = 88*f**2 + 4*f + 4. Let m be l(i). Suppose 3*s + d = 2*d + 3343, 3*d = 2*s - m. Is s a prime number?
False
Let w(k) = -3*k**3 + 27*k**2 - 66*k - 139. Is w(-20) composite?
True
Let l(t) = -t**3 - 7*t**2 + 6*t + 45. Let v be l(-7). Suppose 5*m - 304 = 5*z + 476, -4*m + 625 = -v*z. Is m a prime number?
True
Let r = -801 + 2596. Suppose q - r = -0*q. Is q a composite number?
True
Is (-552208)/(-20) + (-2 - 3)*27/(-225) composite?
False
Let b(y) = -2537*y + 47. Let k(s) = -s - 6. Let z(i) = b(i) + k(i). Is z(-1) composite?
False
Let v be (-35)/14*(-3 - -5). Is (-1 + (23116 - -2))*v/(-5) prime?
True
Let n(i) = -i**3 + 37*i**2 - 28*i + 51. Let z be n(36). Suppose -345*v = -z*v - 5034. Is v composite?
False
Suppose -87*s - 3186697 + 22379923 = -29605509. Is s composite?
True
Let o(z) = -z**3 + 8*z**2 - 6*z - 8. Let i be o(16). Let f = -1530 - i. Is f composite?
True
Suppose -5*k + y = -342985, -49*k + 44*k = 5*y - 342985. Is k composite?
False
Suppose -3*j + 99*p = 101*p - 4623, 5*p - 4623 = -3*j. Is j composite?
True
Suppose -5*g - 86 = -5*a - 156, -g - 4*a - 1 = 0. Let h(f) = -2*f**2 + 6 + 3*f + 3*f**2 - 2. Is h(g) a composite number?
True
Is (2 - 1)*(3/3)/((-7)/(-540071)) a composite number?
False
Suppose 2*h - 48881 = x, 21*h - 5*x - 97771 = 17*h. Is h prime?
True
Suppose 53 - 48 = -l, x - 18935 = -2*l. Let m = 28558 - x. Is m prime?
True
Let y(f) = 8328*f - 979. Is y(30) a prime number?
True
Let d be ((-1)/(-2))/((-1)/10 + 0). Let u be -5 - (-15)/3 - d. Suppose 3*z - 2*l - 102 = -3*l, 2*l = -u*z + 171. Is z a prime number?
False
Let g(d) = -d**3 + 9*d**2 - 16*d - 1. Let a be g(7). Is (a/(-6))/(9/666) composite?
True
Let t be (236/16)/(1/36). Let o = 11 - 7. Suppose 4*v - t = -0*v - 3*x, x = o*v - 511. Is v prime?
False
Suppose 6*t = 4*c + 748010, 4*t = -33*c + 29*c + 498680. Is t composite?
False
Let a(n) be the third derivative of -n**5/60 + n**4/3 - 4*n**3/3 + 22*n**2. Let f be a(5). Suppose f*g - 1555 = 7258. Is g a prime number?
True
Let p(k) = 53*k**2 - k + 8. Let j be p(2). Let z = j + 551. Is z composite?
False
Is (-99)/((-6930)/28) - 2*(-874726)/20 a prime number?
True
Suppose 289 = d + 284. Suppose 0 = -d*r + 14*a - 9*a + 55910, -2*r = -5*a - 22373. Is r prime?
False
Let z(j) = j**2 - 12*j + 4. Let i be z(8). Let f = 63 + i. Suppose f*y + 88 = 39*y. Is y a prime number?
False
Let s = -58 - -51. Let r = s + 16. Suppose -13*c + r*c + 332 = 0. Is c prime?
True
Let u(j) = 1828*j**2 + 12*j + 19. Is u(11) prime?
False
Is 2/((-22)/(-2652857)) - (-6 - 1216/(-209)) prime?
True
Suppose 0 = -5*l + 4*l + 3213. Suppose -4*u = -t - t + 2134, -3*t + 2*u = -l. Is t prime?
False
Let k(d) = -d**3 - 17*d**2 - 33*d - 41. Let b be k(-15). Suppose j + 2*u - 9254 = 6*u, -36962 = -b*j - 2*u. Is j composite?
True
Let h(a) = a**2 - 13*a + 16. Let d be h(11). Let x(n) = -208*n + 25. Is x(d) composite?
True
Let g(p) = -p**3 + 120*p**2 + 102*p + 1298. Is g(87) a prime number?
True
Suppose -4*g - 14185 = -5*w, -8*g + w = -10*g - 7089. Let f = -534 - g. Is f a composite number?
False
Let d = -30 - -26. Let p(u) = -10*u - 30. Let t be p(d). Suppose 0 = t*x - 13*x + 477. Is x prime?
False
Let j(c) = -c**3 - 4*c**2 + 7*c + 2. Let r be j(6). Let h = r + 1569. Is h a composite number?
True
Let n = 554 + -538. Suppose -n*i + 17*i = -4*m + 12652, 5*m - 15815 = -2*i. Is m composite?
False
Suppose 125*v - 20336497 = 12*v. Is v a prime number?
True
Suppose 2*z + z = -3, 4*h - z + 7735 = 0. Let g be 3773 - (-1 + -2 + -1). Let c = g + h. Is c prime?
False
Let v = 890 - 939. Is (-43110)/(-12) + v/14 a composite number?
True
Let b(a) = 8567*a + 427. Is b(12) a composite number?
False
Suppose -1626*t - 76940 = -1646*t. Is t composite?
False
Let n = 31 + -30. Let j be 1/2*(n + -25). Is 1/(8/12)*(-1688)/j a composite number?
False
Let y = -972443 - -150